{"id":9985,"date":"2024-02-22T09:33:06","date_gmt":"2024-02-22T12:33:06","guid":{"rendered":"https:\/\/trigomarosario.com.ar\/web\/?post_type=product&#038;p=9985"},"modified":"2024-02-22T09:50:08","modified_gmt":"2024-02-22T12:50:08","slug":"trenzado-negro","status":"publish","type":"product","link":"https:\/\/trigomarosario.com.ar\/web\/producto\/trenzado-negro\/","title":{"rendered":"Trenzado Negro (gas)"},"content":{"rendered":"<p>Manguera elaborada con doble capa de PVC 100% virgen, color negro. Contiene refuerzo de fibra poliamida que le confiere gran resistencia a la presi\u00f3n y elongaci\u00f3n. Apta para el transporte de fluidos hasta una presi\u00f3n de 100 PSI. Libre de Cadmio y Plomo. Temperatura de trabajo var\u00eda entre los -10\u00b0C<\/p>\n<p><img loading=\"lazy\" decoding=\"async\" src=\"http:\/\/trigomarosario.com.ar\/web\/wp-content\/uploads\/2024\/02\/00-1.png\" alt=\"\" width=\"1415\" height=\"524\" class=\"alignnone size-full wp-image-9990\" srcset=\"https:\/\/trigomarosario.com.ar\/web\/wp-content\/uploads\/2024\/02\/00-1.png 1415w, https:\/\/trigomarosario.com.ar\/web\/wp-content\/uploads\/2024\/02\/00-1-150x56.png 150w, https:\/\/trigomarosario.com.ar\/web\/wp-content\/uploads\/2024\/02\/00-1-700x259.png 700w, https:\/\/trigomarosario.com.ar\/web\/wp-content\/uploads\/2024\/02\/00-1-400x148.png 400w, https:\/\/trigomarosario.com.ar\/web\/wp-content\/uploads\/2024\/02\/00-1-1300x481.png 1300w, https:\/\/trigomarosario.com.ar\/web\/wp-content\/uploads\/2024\/02\/00-1-768x284.png 768w, https:\/\/trigomarosario.com.ar\/web\/wp-content\/uploads\/2024\/02\/00-1-860x318.png 860w\" sizes=\"(max-width: 1415px) 100vw, 1415px\" \/><\/p>\n","protected":false},"excerpt":{"rendered":"<p>Manguera elaborada con doble capa de PVC 100% virgen, color negro. Contiene refuerzo de fibra poliamida que le confiere gran resistencia a la presi\u00f3n y elongaci\u00f3n. Apta para el transporte de fluidos hasta una presi\u00f3n de 100 PSI. Libre de Cadmio y Plomo. Temperatura de trabajo var\u00eda entre los -10\u00b0C<\/p>\n","protected":false},"featured_media":9986,"template":"","meta":[],"product_cat":[454,437],"product_tag":[],"class_list":{"0":"post-9985","1":"product","2":"type-product","3":"status-publish","4":"has-post-thumbnail","6":"product_cat-freplast","7":"product_cat-mangueras","8":"pa_marca-freplast","10":"first","11":"instock","12":"shipping-taxable","13":"product-type-simple"},"_links":{"self":[{"href":"https:\/\/trigomarosario.com.ar\/web\/wp-json\/wp\/v2\/product\/9985"}],"collection":[{"href":"https:\/\/trigomarosario.com.ar\/web\/wp-json\/wp\/v2\/product"}],"about":[{"href":"https:\/\/trigomarosario.com.ar\/web\/wp-json\/wp\/v2\/types\/product"}],"wp:featuredmedia":[{"embeddable":true,"href":"https:\/\/trigomarosario.com.ar\/web\/wp-json\/wp\/v2\/media\/9986"}],"wp:attachment":[{"href":"https:\/\/trigomarosario.com.ar\/web\/wp-json\/wp\/v2\/media?parent=9985"}],"wp:term":[{"taxonomy":"product_cat","embeddable":true,"href":"https:\/\/trigomarosario.com.ar\/web\/wp-json\/wp\/v2\/product_cat?post=9985"},{"taxonomy":"product_tag","embeddable":true,"href":"https:\/\/trigomarosario.com.ar\/web\/wp-json\/wp\/v2\/product_tag?post=9985"}],"curies":[{"name":"wp","href":"https:\/\/api.w.org\/{rel}","templated":true}]}}